t is the remainder when 3569 is divided by 1082?
323
Calculate the remainder when 796 is divided by 19.
17
What is the remainder when 5805 is divided by 127?
90
What is the remainder when 134209 is divided by 636?
13
Calculate the remainder when 10522 is divided by 58.
24
What is the remainder when 37026 is divided by 12338?
12
Calculate the remainder when 1094 is divided by 40.
14
What is the remainder when 72900 is divided by 669?
648
What is the remainder when 45390 is divided by 2519?
48
Calculate the remainder when 15665 is divided by 184.
25
What is the remainder when 26036 is divided by 14?
10
Calculate the remainder when 87196 is divided by 43552.
92
What is the remainder when 25031 is divided by 2502?
11
Calculate the remainder when 15966 is divided by 7953.
60
What is the remainder when 82275 is divided by 42?
39
Calculate the remainder when 29813 is divided by 1592.
1157
What is the remainder when 1915 is divided by 20?
15
What is the remainder when 417685 is divided by 29?
27
What is the remainder when 71284 is divided by 532?
528
What is the remainder when 7666 is divided by 2369?
559
What is the remainder when 69403 is divided by 221?
9
What is the remainder when 1312013 is divided by 66?
65
Calculate the remainder when 1973282 is divided by 148.
146
What is the remainder when 1031117 is divided by 343702?
11
Calculate the remainder when 99068 is divided by 28.
4
Calculate the remainder when 1341 is divided by 1282.
59
What is the remainder when 20489 is divided by 20420?
69
Calculate the remainder when 34679 is divided by 138.
41
What is the remainder when 102314 is divided by 16?
10
What is the remainder when 10088 is divided by 56?
8
Calculate the remainder when 18849 is divided by 1747.
1379
What is the remainder when 20230 is divided by 40?
30
What is the remainder when 307747 is divided by 572?
11
What is the remainder when 11564 is divided by 505?
454
Calculate the remainder when 1497 is divided by 6.
3
Calculate the remainder when 16524 is divided by 3297.
39
Calculate the remainder when 1540 is divided by 84.
28
Calculate the remainder when 13057 is divided by 28.
9
What is the remainder when 95570 is divided by 123?
122
Calculate the remainder when 8831 is divided by 31.
27
Calculate the remainder when 19787 is divided by 264.
251
Calculate the remainder when 1215 is divided by 385.
60
Calculate the remainder when 49303 is divided by 34.
3
What is the remainder when 109539 is divided by 51?
42
What is the remainder when 94297 is divided by 123?
79
What is the remainder when 910 is divided by 101?
1
Calculate the remainder when 1639 is divided by 1607.
32
What is the remainder when 9475 is divided by 186?
175
What is the remainder when 10197 is divided by 167?
10
What is the remainder when 213436 is divided by 14?
6
What is the remainder when 7637 is divided by 212?
5
What is the remainder when 504758 is divided by 160?
118
Calculate the remainder when 132315 is divided by 988.
911
What is the remainder when 3845 is divided by 1281?
2
What is the remainder when 201327 is divided by 155?
137
Calculate the remainder when 37885 is divided by 151.
135
What is the remainder when 531948 is divided by 511?
508
What is the remainder when 22416 is divided by 606?
600
What is the remainder when 386700 is divided by 64446?
24
What is the remainder when 470349 is divided by 123?
120
What is the remainder when 11162 is divided by 743?
17
What is the remainder when 487 is divided by 472?
15
Calculate the remainder when 19958 is divided by 2845.
43
What is the remainder when 30491 is divided by 238?
27
Calculate the remainder when 15156 is divided by 1890.
36
What is the remainder when 1620031 is divided by 1088?
1087
Calculate the remainder when 35715 is divided by 2381.
0
What is the remainder when 105676 is divided by 199?
7
Calculate the remainder when 31053 is divided by 19.
7
Calculate the remainder when 170308 is divided by 11.
6
Calculate the remainder when 6634 is divided by 1014.
550
What is the remainder when 83326 is divided by 14?
12
What is the remainder when 13989 is divided by 141?
30
Calculate the remainder when 611 is divided by 394.
217
What is the remainder when 26021 is divided by 22?
17
What is the remainder when 1703 is divided by 63?
2
What is the remainder when 8802 is divided by 89?
80
Calculate the remainder when 11277 is divided by 5629.
19
Calculate the remainder when 518569 is divided by 21607.
1
Calculate the remainder when 15381 is divided by 961.
5
What is the remainder when 5703 is divided by 343?
215
What is the remainder when 40133 is divided by 51?
47
Calculate the remainder when 255303 is divided by 19.
0
What is the remainder when 4133 is divided by 1358?
59
What is the remainder when 1014 is divided by 164?
30
Calculate the remainder when 62463 is divided by 64.
63
What is the remainder when 1061 is divided by 227?
153
Calculate the remainder when 120742 is divided by 344.
342
Calculate the remainder when 8510 is divided by 133.
131
Calculate the remainder when 197768 is divided by 7.
4
What is the remainder when 10212 is divided by 591?
165
Calculate the remainder when 1300 is divided by 321.
16
What is the remainder when 560 is divided by 263?
34
Calculate the remainder when 10953 is divided by 423.
378
Calculate the remainder when 15621 is divided by 1740.
1701
What is the remainder when 124529 is divided by 909?
905
Calculate the remainder when 602235 is divided by 103.
97
Calculate the remainder when 2276 is divided by 76.
72
Calculate the remainder when 723041 is divided by 9.
8
Calculate the remainder when 32814 is divided by 16404.
6
What is the remainder when 1592 is divided by 313?
27
What is the remainder when 8257 is divided by 1608?
217
Calculate the remainder when 176304 is divided by 176294.
10
Calculate the remainder when 46249 is divided by 250.
249
Calculate the remainder when 47690 is divided by 596.
10
What is the remainder when 4838 is divided by 92?
54
What is the remainder when 4622 is divided by 921?
17
What is the remainder when 5157 is divided by 396?
9
Calculate the remainder when 943 is divided by 650.
293
What is the remainder when 39949 is divided by 36?
25
What is the remainder when 43666 is divided by 14550?
16
What is the remainder when 74589 is divided by 96?
93
Calculate the remainder when 189977 is divided by 90.
77
What is the remainder when 357387 is divided by 330?
327
What is the remainder when 3603 is divided by 735?
663
Calculate the remainder when 56020 is divided by 2948.
8
What is the remainder when 132604 is divided by 5303?
29
Calculate the remainder when 16822 is divided by 8393.
36
Calculate the remainder when 52658 is divided by 634.
36
Calculate the remainder when 373867 is divided by 7.
4
Calculate the remainder when 676 is divided by 472.
204
What is the remainder when 9248 is divided by 10?
8
What is the remainder when 565 is divided by 268?
29
What is the remainder when 2208 is divided by 509?
172
What is the remainder when 1968967 is divided by 69?
52
Calculate the remainder when 64219 is divided by 16.
11
Calculate the remainder when 2775574 is divided by 133.
130
Calculate the remainder when 48506 is divided by 111.
110
What is the remainder when 573759 is divided by 220?
219
Calculate the remainder when 81243 is divided by 20308.
11
What is the remainder when 80185 is divided by 486?
481
What is the remainder when 1782 is divided by 299?
287
What is the remainder when 3796 is divided by 17?
5
What is the remainder when 20239 is divided by 2524?
47
What is the remainder when 5887 is divided by 2940?
7
What is the remainder when 31942 is divided by 47?
29
What is the remainder when 12038 is divided by 4012?
2
Calculate the remainder when 5800 is divided by 6.
4
What is the remainder when 20465 is divided by 74?
41
What is the remainder when 78820 is divided by 461?
450
Calculate the remainder when 1423 is divided by 1198.
225
Calculate the remainder when 4237 is divided by 1411.
4
What is the remainder when 177806 is divided by 23?
16
What is the remainder when 979 is divided by 85?
44
What is the remainder when 6191 is divided by 25?
16
What is the remainder when 1298509 is divided by 27?
25
Calculate the remainder when 4565 is divide